he ten thousands digit of 21627?
2
What is the hundreds digit of 1362?
3
What is the units digit of 193115?
5
What is the tens digit of 837?
3
What is the tens digit of 46?
4
What is the hundreds digit of 2188?
1
What is the hundreds digit of 2830?
8
What is the units digit of 2784?
4
What is the hundreds digit of 2402?
4
What is the ten thousands digit of 25132?
2
What is the hundreds digit of 38961?
9
What is the units digit of 11695?
5
What is the hundreds digit of 55331?
3
What is the tens digit of 8953?
5
What is the ten thousands digit of 27176?
2
What is the units digit of 37891?
1
What is the hundreds digit of 37150?
1
What is the units digit of 5806?
6
What is the thousands digit of 1377?
1
What is the tens digit of 2475?
7
What is the hundreds digit of 1892?
8
What is the units digit of 3209?
9
What is the units digit of 3634?
4
What is the units digit of 74646?
6
What is the hundreds digit of 926?
9
What is the hundreds digit of 3768?
7
What is the tens digit of 238?
3
What is the tens digit of 2551?
5
What is the hundreds digit of 46483?
4
What is the hundreds digit of 8434?
4
What is the hundreds digit of 9360?
3
What is the hundreds digit of 1118?
1
What is the units digit of 1704?
4
What is the thousands digit of 1716?
1
What is the tens digit of 11925?
2
What is the thousands digit of 18859?
8
What is the tens digit of 797?
9
What is the units digit of 47483?
3
What is the hundreds digit of 897?
8
What is the hundreds digit of 587?
5
What is the thousands digit of 1234?
1
What is the tens digit of 31?
3
What is the thousands digit of 8881?
8
What is the tens digit of 31548?
4
What is the units digit of 11273?
3
What is the hundreds digit of 891?
8
What is the tens digit of 1478?
7
What is the thousands digit of 38403?
8
What is the units digit of 382?
2
What is the thousands digit of 5691?
5
What is the tens digit of 2139?
3
What is the hundreds digit of 1514?
5
What is the ten thousands digit of 17543?
1
What is the hundreds digit of 11407?
4
What is the units digit of 745?
5
What is the units digit of 13057?
7
What is the thousands digit of 8058?
8
What is the units digit of 6271?
1
What is the hundreds digit of 7263?
2
What is the tens digit of 12009?
0
What is the units digit of 15851?
1
What is the units digit of 402?
2
What is the units digit of 1911?
1
What is the units digit of 644?
4
What is the ten thousands digit of 10690?
1
What is the hundreds digit of 5384?
3
What is the units digit of 66?
6
What is the hundreds digit of 622?
6
What is the thousands digit of 7068?
7
What is the units digit of 16635?
5
What is the tens digit of 18112?
1
What is the hundred thousands digit of 159198?
1
What is the hundreds digit of 1759?
7
What is the hundreds digit of 1275?
2
What is the ten thousands digit of 74250?
7
What is the thousands digit of 81267?
1
What is the tens digit of 22252?
5
What is the thousands digit of 4835?
4
What is the units digit of 24566?
6
What is the tens digit of 32?
3
What is the thousands digit of 8372?
8
What is the thousands digit of 8337?
8
What is the tens digit of 1441?
4
What is the hundreds digit of 230?
2
What is the hundreds digit of 929?
9
What is the tens digit of 720?
2
What is the units digit of 9963?
3
What is the thousands digit of 39415?
9
What is the units digit of 4485?
5
What is the tens digit of 4817?
1
What is the units digit of 2868?
8
What is the units digit of 1757?
7
What is the hundreds digit of 9421?
4
What is the tens digit of 2570?
7
What is the ten thousands digit of 39131?
3
What is the tens digit of 7787?
8
What is the thousands digit of 12072?
2
What is the thousands digit of 6683?
6
What is the hundreds digit of 40013?
0
What is the hundreds digit of 11308?
3
What is the thousands digit of 5038?
5
What is the units digit of 127?
7
What is the units digit of 6844?
4
What is the units digit of 1672?
2
What is the tens digit of 5539?
3
What is the ten thousands digit of 28658?
2
What is the ten thousands digit of 13341?
1
What is the tens digit of 197?
9
What is the ten thousands digit of 35252?
3
What is the units digit of 1826?
6
What is the thousands digit of 9706?
9
What is the thousands digit of 46023?
6
What is the ten thousands digit of 65893?
6
What is the units digit of 7793?
3
What is the hundreds digit of 1001?
0
What is the thousands digit of 78728?
8
What is the tens digit of 789?
8
What is the tens digit of 59012?
1
What is the units digit of 707?
7
What is the units digit of 1492?
2
What is the tens digit of 48?
4
What is the tens digit of 1785?
8
What is the units digit of 1841?
1
What is the thousands digit of 84646?
4
What is the hundred thousands digit of 101228?
1
What is the ten thousands digit of 41228?
4
What is the units digit of 4379?
9
What is the thousands digit of 1671?
1
What is the hundreds digit of 10227?
2
What is the thousands digit of 8738?
8
What is the tens digit of 3047?
4
What is the units digit of 3352?
2
What is the units digit of 2779?
9
What is the units digit of 1949?
9
What is the units digit of 2386?
6
What is the tens digit of 1501?
0
What is the ten thousands digit of 90617?
9
What is the hundreds digit of 95058?
0
What is the tens digit of 16916?
1
What is the units digit of 1120?
0
What is the units digit of 22742?
2
What is the tens digit of 75012?
1
What is the units digit of 18109?
9
What is the thousands digit of 72946?
2
What is the units digit of 51635?
5
What is the tens digit of 1451?
5
What is the units digit of 6509?
9
What is the thousands digit of 150537?
0
What is the tens digit of 1550?
5
What is the thousands digit of 1057?
1
What is the ten thousands digit of 67014?
6
What is the units digit of 787?
7
What is the units digit of 470?
0
What is the thousands digit of 1740?
1
What is the tens digit of 802?
0
What is the thousands digit of 2023?
2
What is the hundreds digit of 96110?
1
What is the tens digit of 18133?
3
What is the units digit of 30273?
3
What is the units digit of 958?
8
What is the hundreds digit of 14823?
8
What is the thousands digit of 2150?
2
What is the units digit of 5876?
6
What is the hundreds digit of 1466?
4
What is the thousands digit of 24925?
4
What is the hundreds digit of 26229?
2
What is the hundred thousands digit of 133893?
1
What is the units digit of 3427?
7
What is the units digit of 668?
8
What is the thousands digit of 1356?
1
What is the ten thousands digit of 82532?
8
What is the thousands digit of 16531?
6
What is the tens digit of 95031?
3
What is the hundreds digit of 1206?
2
What is the tens digit of 403?
0
What is the tens digit of 1950?
5
What is the units digit of 66232?
2
What is the thousands digit of 1025?
1
What is the tens digit of 23292?
9
What is the units digit of 17?
7
What is the thousands digit of 1268?
1
What is the tens digit of 26610?
1
What is the units digit of 4196?
6
What is the tens digit of 152?
5
What is the units digit of 11026?
6
What is the units digit of 2005?
5
What is the hundreds digit of 6488?
4
What is the thousands digit of 3841?
3
What is the tens digit of 1077?
7
What is the units digit of 729?
9
What is the ten thousands digit of 12321?
1
What is the thousands digit of 1073?
1
What is the thousands digit of 6380?
6
What is the tens digit of 27945?
4
What is the tens digit of 9500?
0
What is the units digit of 5945?
5
What is the ten thousands digit of 33424?
3
What is the ten thousands digit of 26962?
2
What is the units digit of 9144?
4
What is the units digit of 774?
4
What is the hundreds digit of 25337?
3
What is the thousands digit of 6070?
6
What is the ten thousands digit of 43990?
4
What is the tens digit of 46722?
2
What is the units digit of 15425?
5
What is the tens digit of 20183?
8
What is the units digit of 6816?
6
What is the tens digit of 5686?
8
What is the units digit of 78449?
9
What is the thousands digit of 4855?
4
What is the units digit of 4705?
5
What is the tens digit of 2632?
3
What is the tens digit of 1387?
8
What is the units digit of 12138?
8
What is the units digit of 11663?
3
What is the hundreds digit of 1185?
1
What is the thousands digit of 1231?
1
What is the tens digit of 43006?
0
What is the tens digit of 15828?
2
What is the thousands digit of 39095?
9
What is the units digit of 22282